 What is the remainder when 1 - (-44 + 0 + 0) is divided by w?
9
Let p = -13 + 20. Calculate the remainder when 11 is divided by p.
4
Suppose 5*h - 2*h - 9 = 0. Suppose 0 = -2*q + 4*r + 76, -4*q + 185 = -0*r + 3*r. What is the remainder when q is divided by (2/h)/(4/138)?
21
Let u = 35 - 21. Let k = -8 - 0. Let w = u + k. What is the remainder when 11 is divided by w?
5
Let q be ((-5)/4)/(2/(-8)). Suppose -w = 2*i - 31, q*i + 10 = w + 70. Let y = 24 + 0. Calculate the remainder when y is divided by i.
11
Suppose 7 = 5*n - 3. What is the remainder when 15 is divided by n*5/((-10)/(-4))?
3
Suppose 4*r + 0 - 8 = 0. Suppose 0 = -r*o + 6 + 6. What is the remainder when (-70)/(-6) - 4/6 is divided by o?
5
Suppose 192 = 3*t - 3*q, t - 2*q - 43 - 26 = 0. What is the remainder when t is divided by 4*(-1)/((-4)/15)?
14
Suppose 5*f = -l - 2, -4*f - 2 - 8 = -2*l. Suppose 4*t - 2*j + 3*j = 35, 2*t + 5 = -5*j. Calculate the remainder when t is divided by l.
1
Let u be ((-4)/2)/(10/(-25)). Suppose -4*i + j = -25, 0*i + u*j = -i + 1. Calculate the remainder when 22 is divided by i.
4
Suppose 4 - 26 = -2*h. Let k be 0/((3 - 2)*-1). Suppose k = d - h. What is the remainder when 21 is divided by d?
10
Let n be 2 + -3*12/(-9). Suppose 0 = 2*y - 66 + n. What is the remainder when y is divided by 8?
6
Let a(b) = -b + 3. Let l be a(6). Calculate the remainder when 26 is divided by (l - -2 - -3) + 5.
5
Let i be (-1 - -2)/(4/8). Suppose -3*s + 17 = -i*s. Suppose -l + 0*n - 3*n = -s, 84 = 4*l - 4*n. Calculate the remainder when l is divided by 11.
9
Let i = 67 - -25. Calculate the remainder when i is divided by 19.
16
Let a be (4 - 0)/(2/(-3)). Let u = a - -9. What is the remainder when ((-2)/(-1))/(6/15) is divided by u?
2
Let l(r) = -17*r. Let d be l(-7). What is the remainder when 19 is divided by d/11 - (-4)/22?
8
Let d(s) = s + 1. Let t be d(4). Suppose -3*p - 99 = -5*f - p, -f + t*p = -6. What is the remainder when f is divided by 2/(-3) + (-26)/(-3)?
5
Let q = 6 - 3. Suppose 4*l + 3*w = -33, -2*l + 4*w = -q*l - 18. What is the remainder when 5 - 0*3/l is divided by 2?
1
Let z = 185 - 122. Calculate the remainder when z is divided by (-3)/5 - ((-6328)/70)/4.
19
Suppose 0 = 33*p - 29*p - 128. What is the remainder when 93 is divided by p?
29
Let v = -19 + 5. What is the remainder when 4/v + (-219)/(-7) is divided by 16?
15
Suppose 3*p + 0 = 75. Calculate the remainder when p is divided by 9.
7
Suppose -3*g - g + 3*o - 1 = 0, 3*o = -g - 4. Suppose -2*n - 11*n + 247 = 0. What is the remainder when n is divided by 1 - 3*g*3?
9
Let o = 20 + -5. Suppose 0 = -4*y + d + 23, -2*d + o = 2*y - 9. What is the remainder when 25 is divided by y?
4
Let i be (-6)/9 + 58/6. Suppose -4*h = -i*h + 90. Suppose 3*s - 58 = -2*l, l - h = -4*s + 56. Calculate the remainder when 35 is divided by s.
17
Let t(g) = 8*g**2 - 6*g - 4. What is the remainder when 66 is divided by t(-1)?
6
Suppose -2*u - 76 = -2*s, 5 = 4*u - 5*u. Calculate the remainder when s is divided by 7.
5
Suppose 11 + 13 = 2*q. Calculate the remainder when 48/(-22) + 2 + 5190/110 is divided by q.
11
Let s(n) = n**3 + 10*n**2 - 13*n + 6. Calculate the remainder when s(-11) is divided by 10.
8
Let p = 6 + -2. Suppose -y = -p*y - 3. What is the remainder when 10 is divided by 8/((y - 0) + 3)?
2
Let n = 2 + -1. Let l be 2/2*6 + n. Let t(i) = -i**3 + 7*i**2 + i + 2. Calculate the remainder when 17 is divided by t(l).
8
Let p = -8 - -20. Suppose -49 = -5*y + 181. Calculate the remainder when y is divided by p.
10
Suppose 2*m = 4*m. Suppose 5*b + o = 16, 4*b - 4*o - 3 = 5. Let a = b - m. Calculate the remainder when 4 is divided by a.
1
Suppose 13*b = 12*b + 5. Let p = -30 - -76. Let u = p - 33. What is the remainder when u is divided by b?
3
Let g = 8 + 4. What is the remainder when 5/10 + 182/4 is divided by g?
10
Let k(a) be the third derivative of -7*a**4/24 - 9*a**2. Calculate the remainder when k(-1) is divided by 3.
1
Let g be 1/6*2*15. Suppose -2*p + 80 = -2*a + 3*a, a = g*p - 186. Calculate the remainder when p is divided by 13.
12
Let h be 3/(-6) - 14/4. Let z(p) = 2 - 4*p - 5*p - p**2 - 3 + 3*p. Calculate the remainder when 19 is divided by z(h).
5
Let f = 0 + 6. Calculate the remainder when 17 is divided by f.
5
Suppose -d - 2 = -6. Let c be 2*2*(-5)/d. What is the remainder when (8/c)/((-2)/10) is divided by 3?
2
Let g(s) = 3*s - 4 - 5*s - 5*s + 4*s. Let m(f) = f + 2. Let n be m(-5). What is the remainder when 8 is divided by g(n)?
3
Let b = -17 + 35. Suppose -g = -4*a + 3*g - 20, -b = 3*a - 2*g. Calculate the remainder when 21 is divided by (-150)/(-14) + a/(-28).
10
Suppose 115 + 393 = 2*c. Suppose 89 = 2*w - 5*l, 3*w - 2*l = -2*w + c. What is the remainder when w is divided by 18?
16
Let t = 11 - 8. Let f(o) = o**t + 5*o**3 + o**3. What is the remainder when f(1) is divided by 3?
1
Suppose -k - f + 11 = -0*f, 5*k = -4*f + 54. Let i(g) = -g**3 - 6*g**2 - 3*g. Calculate the remainder when i(-6) is divided by k.
8
Suppose 7*z = 4*z + 12. Suppose -z*s = -3*s. Suppose -f + 7 + 4 = s. Calculate the remainder when 30 is divided by f.
8
Suppose -3*p + 4*c + 32 - 12 = 0, 0 = -2*c - 10. Suppose p = 5*b - 10*b - 660. Let l = -67 - b. Calculate the remainder when l is divided by 17.
14
Let j = 2 - -2. Suppose -3 = 5*h - 6*h. What is the remainder when j is divided by h?
1
Suppose -3*g = 3*k - 21, -2 - 13 = -3*g - k. Suppose 14 + g = 3*p. What is the remainder when 21 is divided by p?
3
Let a = -42 - -159. Calculate the remainder when a is divided by 30.
27
Suppose -4*g = -3*f - 3, -3*g - f - 1 = g. Suppose g = 2*d + d - 21. Calculate the remainder when 12 is divided by d.
5
Let s(v) = -v**3 - 6*v**2 - 2*v - 4. Let o be s(-6). Let c = o + -4. Let k(t) = t + 8. Calculate the remainder when c is divided by k(-6).
0
Let z(m) = 4*m**2 + 10. What is the remainder when z(5) is divided by 28?
26
Let q(p) = -p**3 + p**2 - p + 48. Let f be q(0). Let s = 107 - f. Let a = 30 - 10. What is the remainder when s is divided by a?
19
Suppose 0 = f + 4*f. Let c(h) = h**2 + h + 5. Calculate the remainder when c(f) is divided by 4.
1
Suppose -4*v - 2 = -3*v - 2*u, -v - 4*u = -10. Suppose 2*m + 2*m - 228 = -2*l, -m = -v*l - 47. Calculate the remainder when m is divided by 19.
17
Let n(g) = 20*g - 4. Let p(d) = -19*d + 3. Let b(w) = 4*n(w) + 5*p(w). Suppose 0 = -2*m + 19 + 1. What is the remainder when b(-2) is divided by m?
9
Let t be ((-2)/4)/(3/(-6)). Let f(n) = -n**2 + 1. Calculate the remainder when -1*(3 - t)*-1 is divided by f(0).
0
Suppose -136 = 5*j - 1. Let l = j - -58. Calculate the remainder when 61 is divided by l.
30
Suppose v = -l + 15, 0 = -0*l - 5*l + 5*v + 105. Calculate the remainder when 70 is divided by l.
16
Let n(v) = v**2 + 6*v + 7. Calculate the remainder when n(-9) is divided by 7.
6
Suppose 3*y = -1 - 2. Let a = 4 + y. Calculate the remainder when a is divided by 3.
0
Let j = 122 + -78. Let u(n) be the third derivative of -7*n**4/24 + n**3/6 + n**2. What is the remainder when j is divided by u(-2)?
14
Suppose 2*c - 72 = -0*c + 4*m, 3*m - 9 = 0. Let x be 33 - 5 - 1*4. Let y = x - 13. What is the remainder when c is divided by y?
9
Let c = -37 - -67. Calculate the remainder when 87 is divided by c.
27
Let p(c) = 3*c. Let k(w) = -w**2 - 9*w - 11. Let x be k(-7). Suppose 208 = 3*v + z, 6*v - 5*z - 220 = x*v. Calculate the remainder when v is divided by p(6).
16
Suppose c - 3*c + 12 = 0. Suppose -4*t = 2*n - 6, -n - 4*n = -4*t - 71. Calculate the remainder when n is divided by c.
5
Let p be ((-6)/(-15))/((-2)/(-10)). Suppose -5*d + 3 = -p*r - 19, -2*r - 2*d + 6 = 0. Let i(a) = -28*a + 1. Calculate the remainder when i(r) is divided by 10.
9
What is the remainder when 2/4*84 + (1 - 3) is divided by 15?
10
Let l(g) = g**2 + g - 1. Let q be l(2). Let v(s) = -s**3 + 6*s**2 - s - 5. Calculate the remainder when 59 is divided by v(q).
14
Suppose -2*n - 4*k = 3 + 5, n - 5*k = 17. Suppose -4*t + 3*s = -7*t + 15, -t + 5 = -n*s. Calculate the remainder when t is divided by 2.
1
Suppose -13 - 5 = -3*u. Suppose 2*v - u = 10. What is the remainder when 31 is divided by v?
7
Suppose -5 = n - 35. Calculate the remainder when n is divided by 11.
8
Let t(q) = 24*q + 5. Calculate the remainder when 315 is divided by t(2).
50
Let i(d) = 2